{"id":3556,"date":"2017-05-18T18:26:36","date_gmt":"2017-05-18T16:26:36","guid":{"rendered":"http:\/\/vallee-aldudes.com\/listings\/adur-elkartea\/"},"modified":"2024-05-28T17:03:25","modified_gmt":"2024-05-28T15:03:25","slug":"adur-elkartea","status":"publish","type":"job_listing","link":"https:\/\/vallee-aldudes.com\/eu\/listings\/adur-elkartea\/","title":{"rendered":"ADUR elkartea"},"content":{"rendered":"<p>[vc_row css=&#8221;.vc_custom_1484909046888{padding-right: 2% !important;padding-left: 2% !important;}&#8221;][vc_column][vc_column_text]<\/p>\n<div class=\"job_description\">\n<p style=\"text-align: justify;\">Adur est une association basque qui se situe dans la vall\u00e9e des Aldudes. Elle a \u00e9t\u00e9 cr\u00e9\u00e9e en 2012, en r\u00e9ponse au constat inqui\u00e9tant de la diminution de l&#8217;utilisation de la langue basque. L&#8217;association veut encourager son utilisation ainsi que les \u00e9changes entre personnes en basque, en prenant le renouveau du basque comme axe principal. Adur veut faire vivre, p\u00e9rpetuer les culture et langue basques dans la vall\u00e9e.<\/p>\n<p style=\"text-align: justify;\">L&#8217;association est ouverte \u00e0 celles et ceux qui partagent les m\u00eames motivations et le m\u00eame engouement pour la langue basque.<\/p>\n<p style=\"text-align: justify;\">Apr\u00e8s-midi chant\/bertso, sessions de pratique de la langue, conf\u00e9rences, diffusions de film, organisation du carnaval, promotion de l&#8217;\u00e9change par le basque avec les villages voisins (Aurizberri, Baigorri&#8230;)&#8230;<\/p>\n<\/div>\n<div class=\"listing-amenities\"><\/div>\n<p>[\/vc_column_text][\/vc_column][\/vc_row][vc_row css=&#8221;.vc_custom_1484909054057{padding-right: 2% !important;padding-left: 2% !important;}&#8221;][vc_column][vc_gallery type=&#8221;nivo&#8221; interval=&#8221;3&#8243; images=&#8221;3116&#8243; img_size=&#8221;full&#8221;][\/vc_column][\/vc_row]<\/p>\n","protected":false},"featured_media":3115,"template":"","meta":{"_monsterinsights_skip_tracking":false,"_monsterinsights_sitenote_active":false,"_monsterinsights_sitenote_note":"","_monsterinsights_sitenote_category":0,"_promoted":"","_job_location":"Aldudes","_company_website":"","_company_tagline":"Association culturelle basque","_company_twitter":"","_company_video":"","_filled":0,"_featured":0,"_remote_position":0,"_job_salary":"","_job_salary_currency":"","_job_salary_unit":""},"job-categories":[126],"yoast_head":"<!-- This site is optimized with the Yoast SEO plugin v22.1 - https:\/\/yoast.com\/wordpress\/plugins\/seo\/ -->\n<title>ADUR elkartea - LA VALL\u00c9E DES ALDUDES<\/title>\n<meta name=\"robots\" content=\"index, follow, max-snippet:-1, max-image-preview:large, max-video-preview:-1\" \/>\n<link rel=\"canonical\" href=\"https:\/\/vallee-aldudes.com\/eu\/listings\/adur-elkartea\/\" \/>\n<meta property=\"og:locale\" content=\"eu_ES\" \/>\n<meta property=\"og:type\" content=\"article\" \/>\n<meta property=\"og:title\" content=\"ADUR elkartea - LA VALL\u00c9E DES ALDUDES\" \/>\n<meta property=\"og:description\" content=\"[vc_row css=&#8221;.vc_custom_1484909046888{padding-right: 2% !important;padding-left: 2% !important;}&#8221;][vc_column][vc_column_text] Adur est une association basque qui se situe dans la vall\u00e9e des Aldudes. Elle a \u00e9t\u00e9 cr\u00e9\u00e9e en 2012, en r\u00e9ponse au constat inqui\u00e9tant de la diminution de l&#8217;utilisation de la langue basque. L&#8217;association veut encourager son utilisation ainsi que les \u00e9changes entre personnes en basque, en prenant le &hellip; Continue reading ADUR elkartea\" \/>\n<meta property=\"og:url\" content=\"https:\/\/vallee-aldudes.com\/eu\/listings\/adur-elkartea\/\" \/>\n<meta property=\"og:site_name\" content=\"LA VALL\u00c9E DES ALDUDES\" \/>\n<meta property=\"article:modified_time\" content=\"2024-05-28T15:03:25+00:00\" \/>\n<meta property=\"og:image\" content=\"http:\/\/vallee-aldudes.com\/wp-content\/uploads\/2017\/05\/1-2.jpg\" \/>\n\t<meta property=\"og:image:width\" content=\"1170\" \/>\n\t<meta property=\"og:image:height\" content=\"780\" \/>\n\t<meta property=\"og:image:type\" content=\"image\/jpeg\" \/>\n<meta name=\"twitter:card\" content=\"summary_large_image\" \/>\n<meta name=\"twitter:label1\" content=\"Est. reading time\" \/>\n\t<meta name=\"twitter:data1\" content=\"1 minute\" \/>\n<script type=\"application\/ld+json\" class=\"yoast-schema-graph\">{\"@context\":\"https:\/\/schema.org\",\"@graph\":[{\"@type\":\"WebPage\",\"@id\":\"https:\/\/vallee-aldudes.com\/eu\/listings\/adur-elkartea\/\",\"url\":\"https:\/\/vallee-aldudes.com\/eu\/listings\/adur-elkartea\/\",\"name\":\"ADUR elkartea - LA VALL\u00c9E DES ALDUDES\",\"isPartOf\":{\"@id\":\"https:\/\/vallee-aldudes.com\/eu\/#website\"},\"datePublished\":\"2017-05-18T16:26:36+00:00\",\"dateModified\":\"2024-05-28T15:03:25+00:00\",\"breadcrumb\":{\"@id\":\"https:\/\/vallee-aldudes.com\/eu\/listings\/adur-elkartea\/#breadcrumb\"},\"inLanguage\":\"eu-ES\",\"potentialAction\":[{\"@type\":\"ReadAction\",\"target\":[\"https:\/\/vallee-aldudes.com\/eu\/listings\/adur-elkartea\/\"]}]},{\"@type\":\"BreadcrumbList\",\"@id\":\"https:\/\/vallee-aldudes.com\/eu\/listings\/adur-elkartea\/#breadcrumb\",\"itemListElement\":[{\"@type\":\"ListItem\",\"position\":1,\"name\":\"Accueil\",\"item\":\"https:\/\/vallee-aldudes.com\/eu\/\"},{\"@type\":\"ListItem\",\"position\":2,\"name\":\"Listings\",\"item\":\"https:\/\/vallee-aldudes.com\/listings\/\"},{\"@type\":\"ListItem\",\"position\":3,\"name\":\"ADUR elkartea\"}]},{\"@type\":\"WebSite\",\"@id\":\"https:\/\/vallee-aldudes.com\/eu\/#website\",\"url\":\"https:\/\/vallee-aldudes.com\/eu\/\",\"name\":\"LA VALL\u00c9E DES ALDUDES\",\"description\":\"\",\"potentialAction\":[{\"@type\":\"SearchAction\",\"target\":{\"@type\":\"EntryPoint\",\"urlTemplate\":\"https:\/\/vallee-aldudes.com\/eu\/?s={search_term_string}\"},\"query-input\":\"required name=search_term_string\"}],\"inLanguage\":\"eu-ES\"}]}<\/script>\n<!-- \/ Yoast SEO plugin. -->","yoast_head_json":{"title":"ADUR elkartea - LA VALL\u00c9E DES ALDUDES","robots":{"index":"index","follow":"follow","max-snippet":"max-snippet:-1","max-image-preview":"max-image-preview:large","max-video-preview":"max-video-preview:-1"},"canonical":"https:\/\/vallee-aldudes.com\/eu\/listings\/adur-elkartea\/","og_locale":"eu_ES","og_type":"article","og_title":"ADUR elkartea - LA VALL\u00c9E DES ALDUDES","og_description":"[vc_row css=&#8221;.vc_custom_1484909046888{padding-right: 2% !important;padding-left: 2% !important;}&#8221;][vc_column][vc_column_text] Adur est une association basque qui se situe dans la vall\u00e9e des Aldudes. Elle a \u00e9t\u00e9 cr\u00e9\u00e9e en 2012, en r\u00e9ponse au constat inqui\u00e9tant de la diminution de l&#8217;utilisation de la langue basque. L&#8217;association veut encourager son utilisation ainsi que les \u00e9changes entre personnes en basque, en prenant le &hellip; Continue reading ADUR elkartea","og_url":"https:\/\/vallee-aldudes.com\/eu\/listings\/adur-elkartea\/","og_site_name":"LA VALL\u00c9E DES ALDUDES","article_modified_time":"2024-05-28T15:03:25+00:00","og_image":[{"width":1170,"height":780,"url":"http:\/\/vallee-aldudes.com\/wp-content\/uploads\/2017\/05\/1-2.jpg","type":"image\/jpeg"}],"twitter_card":"summary_large_image","twitter_misc":{"Est. reading time":"1 minute"},"schema":{"@context":"https:\/\/schema.org","@graph":[{"@type":"WebPage","@id":"https:\/\/vallee-aldudes.com\/eu\/listings\/adur-elkartea\/","url":"https:\/\/vallee-aldudes.com\/eu\/listings\/adur-elkartea\/","name":"ADUR elkartea - LA VALL\u00c9E DES ALDUDES","isPartOf":{"@id":"https:\/\/vallee-aldudes.com\/eu\/#website"},"datePublished":"2017-05-18T16:26:36+00:00","dateModified":"2024-05-28T15:03:25+00:00","breadcrumb":{"@id":"https:\/\/vallee-aldudes.com\/eu\/listings\/adur-elkartea\/#breadcrumb"},"inLanguage":"eu-ES","potentialAction":[{"@type":"ReadAction","target":["https:\/\/vallee-aldudes.com\/eu\/listings\/adur-elkartea\/"]}]},{"@type":"BreadcrumbList","@id":"https:\/\/vallee-aldudes.com\/eu\/listings\/adur-elkartea\/#breadcrumb","itemListElement":[{"@type":"ListItem","position":1,"name":"Accueil","item":"https:\/\/vallee-aldudes.com\/eu\/"},{"@type":"ListItem","position":2,"name":"Listings","item":"https:\/\/vallee-aldudes.com\/listings\/"},{"@type":"ListItem","position":3,"name":"ADUR elkartea"}]},{"@type":"WebSite","@id":"https:\/\/vallee-aldudes.com\/eu\/#website","url":"https:\/\/vallee-aldudes.com\/eu\/","name":"LA VALL\u00c9E DES ALDUDES","description":"","potentialAction":[{"@type":"SearchAction","target":{"@type":"EntryPoint","urlTemplate":"https:\/\/vallee-aldudes.com\/eu\/?s={search_term_string}"},"query-input":"required name=search_term_string"}],"inLanguage":"eu-ES"}]}},"_vc_post_settings":{"vc_grid_id":[]},"_wpb_shortcodes_custom_css":".vc_custom_1484909046888{padding-right: 2% !important;padding-left: 2% !important;}.vc_custom_1484909054057{padding-right: 2% !important;padding-left: 2% !important;}","_filled":"0","_featured":"0","_job_expires":"","_company_tagline":"Association culturelle basque","_job_location":"Aldudes","_job_hours":"","_company_phone":"06 79 61 84 41","_company_website":"","_company_email":"alinetxeberri@hotmail.fr","_company_twitter":"","_company_video":"","slide_template":"default","_yoast_wpseo_primary_job_listing_category":"","_yoast_wpseo_primary_job_listing_type":"","_yoast_wpseo_primary_job_listing_amenity":"","_yoast_wpseo_primary_job_listing_region":"","_wpb_vc_js_status":"true","_yoast_wpseo_content_score":"90","_listing_views_count":"5078","_thumbnail_id":"3115","_dp_original":"2980","_edit_lock":"1710175104:2","_edit_last":"1","geolocation_lat":"43.103467","geolocation_long":"-1.425435","geolocation_formatted_address":"Aldudes, France","geolocation_city":"Aldudes","geolocation_postcode":"","geolocation_country_short":"FR","geolocation_country_long":"France","geolocated":"1","_alp_processed":"1496248448","_icl_lang_duplicate_of":"","geolocation_state_short":"Nouvelle-Aquitaine","geolocation_state_long":"Nouvelle-Aquitaine","_wpml_location_migration_done":"1","geolocation_street_number":"","geolocation_street":"","_wpml_media_duplicate":"","_wpml_media_featured":"","_product_image_gallery":"","_wp_old_slug":"","_wp_desired_post_slug":"","_links":{"self":[{"href":"https:\/\/vallee-aldudes.com\/eu\/wp-json\/wp\/v2\/job_listing\/3556"}],"collection":[{"href":"https:\/\/vallee-aldudes.com\/eu\/wp-json\/wp\/v2\/job_listing"}],"about":[{"href":"https:\/\/vallee-aldudes.com\/eu\/wp-json\/wp\/v2\/types\/job_listing"}],"wp:featuredmedia":[{"embeddable":true,"href":"https:\/\/vallee-aldudes.com\/eu\/wp-json\/wp\/v2\/media\/3115"}],"wp:attachment":[{"href":"https:\/\/vallee-aldudes.com\/eu\/wp-json\/wp\/v2\/media?parent=3556"}],"wp:term":[{"taxonomy":"job_listing_category","embeddable":true,"href":"https:\/\/vallee-aldudes.com\/eu\/wp-json\/wp\/v2\/job-categories?post=3556"}],"curies":[{"name":"wp","href":"https:\/\/api.w.org\/{rel}","templated":true}]}}

<p>[vc_row css=&#8221;.vc_custom_1484909046888{padding-right: 2% !important;padding-left: 2% !important;}&#8221;][vc_column][vc_column_text]</p>
<div class="job_description">
<p style="text-align: justify;">Adur est une association basque qui se situe dans la vallée des Aldudes. Elle a été créée en 2012, en réponse au constat inquiétant de la diminution de l&#8217;utilisation de la langue basque. L&#8217;association veut encourager son utilisation ainsi que les échanges entre personnes en basque, en prenant le renouveau du basque comme axe principal. Adur veut faire vivre, pérpetuer les culture et langue basques dans la vallée.</p>
<p style="text-align: justify;">L&#8217;association est ouverte à celles et ceux qui partagent les mêmes motivations et le même engouement pour la langue basque.</p>
<p style="text-align: justify;">Après-midi chant/bertso, sessions de pratique de la langue, conférences, diffusions de film, organisation du carnaval, promotion de l&#8217;échange par le basque avec les villages voisins (Aurizberri, Baigorri&#8230;)&#8230;</p>
</div>
<div class="listing-amenities"></div>
<p>[/vc_column_text][/vc_column][/vc_row][vc_row css=&#8221;.vc_custom_1484909054057{padding-right: 2% !important;padding-left: 2% !important;}&#8221;][vc_column][vc_gallery type=&#8221;nivo&#8221; interval=&#8221;3&#8243; images=&#8221;3116&#8243; img_size=&#8221;full&#8221;][/vc_column][/vc_row]</p>

<!-- This site is optimized with the Yoast SEO plugin v22.1 - https://yoast.com/wordpress/plugins/seo/ -->
<title>ADUR elkartea - LA VALLÉE DES ALDUDES</title>
<meta name="robots" content="index, follow, max-snippet:-1, max-image-preview:large, max-video-preview:-1" />
<link rel="canonical" href="https://vallee-aldudes.com/eu/listings/adur-elkartea/" />
<meta property="og:locale" content="eu_ES" />
<meta property="og:type" content="article" />
<meta property="og:title" content="ADUR elkartea - LA VALLÉE DES ALDUDES" />
<meta property="og:description" content="[vc_row css=&#8221;.vc_custom_1484909046888{padding-right: 2% !important;padding-left: 2% !important;}&#8221;][vc_column][vc_column_text] Adur est une association basque qui se situe dans la vallée des Aldudes. Elle a été créée en 2012, en réponse au constat inquiétant de la diminution de l&#8217;utilisation de la langue basque. L&#8217;association veut encourager son utilisation ainsi que les échanges entre personnes en basque, en prenant le &hellip; Continue reading ADUR elkartea" />
<meta property="og:url" content="https://vallee-aldudes.com/eu/listings/adur-elkartea/" />
<meta property="og:site_name" content="LA VALLÉE DES ALDUDES" />
<meta property="article:modified_time" content="2024-05-28T15:03:25+00:00" />
<meta property="og:image" content="http://vallee-aldudes.com/wp-content/uploads/2017/05/1-2.jpg" />
	<meta property="og:image:width" content="1170" />
	<meta property="og:image:height" content="780" />
	<meta property="og:image:type" content="image/jpeg" />
<meta name="twitter:card" content="summary_large_image" />
<meta name="twitter:label1" content="Est. reading time" />
	<meta name="twitter:data1" content="1 minute" />
<script type="application/ld+json" class="yoast-schema-graph">{"@context":"https://schema.org","@graph":[{"@type":"WebPage","@id":"https://vallee-aldudes.com/eu/listings/adur-elkartea/","url":"https://vallee-aldudes.com/eu/listings/adur-elkartea/","name":"ADUR elkartea - LA VALLÉE DES ALDUDES","isPartOf":{"@id":"https://vallee-aldudes.com/eu/#website"},"datePublished":"2017-05-18T16:26:36+00:00","dateModified":"2024-05-28T15:03:25+00:00","breadcrumb":{"@id":"https://vallee-aldudes.com/eu/listings/adur-elkartea/#breadcrumb"},"inLanguage":"eu-ES","potentialAction":[{"@type":"ReadAction","target":["https://vallee-aldudes.com/eu/listings/adur-elkartea/"]}]},{"@type":"BreadcrumbList","@id":"https://vallee-aldudes.com/eu/listings/adur-elkartea/#breadcrumb","itemListElement":[{"@type":"ListItem","position":1,"name":"Accueil","item":"https://vallee-aldudes.com/eu/"},{"@type":"ListItem","position":2,"name":"Listings","item":"https://vallee-aldudes.com/listings/"},{"@type":"ListItem","position":3,"name":"ADUR elkartea"}]},{"@type":"WebSite","@id":"https://vallee-aldudes.com/eu/#website","url":"https://vallee-aldudes.com/eu/","name":"LA VALLÉE DES ALDUDES","description":"","potentialAction":[{"@type":"SearchAction","target":{"@type":"EntryPoint","urlTemplate":"https://vallee-aldudes.com/eu/?s={search_term_string}"},"query-input":"required name=search_term_string"}],"inLanguage":"eu-ES"}]}</script>
<!-- / Yoast SEO plugin. -->

ADUR elkartea - LA VALLÉE DES ALDUDES

[vc_row css=&#8221;.vc_custom_1484909046888{padding-right: 2% !important;padding-left: 2% !important;}&#8221;][vc_column][vc_column_text] Adur est une association basque qui se situe dans la vallée des Aldudes. Elle a été créée en 2012, en réponse au constat inquiétant de la diminution de l&#8217;utilisation de la langue basque. L&#8217;association veut encourager son utilisation ainsi que les échanges entre personnes en basque, en prenant le &hellip; Continue reading ADUR elkartea

LA VALLÉE DES ALDUDES
